 + -3
4
Evaluate (0 - 1) + -3 + -424 + 423.
-5
Calculate -14 - (12 + (7 - 26) + (0 - -1)).
-8
0 - (-3 + 9) - (4 + 2)
-12
Calculate 34 + -17 - -2 - 11.
8
Evaluate 62 + 0 + -24 - 30.
8
-5 - (-1 + 1 + 2 - (-64 - -89))
18
What is the value of 24 + (-10 - -7 - (12 + -3))?
12
Evaluate 15 - (2 + 0 - (-3 - -1 - 1)).
10
68 - 62 - (1 - -9)
-4
Evaluate (-6 - (1 + -7)) + (1 - -14).
15
Calculate (-3 - -32) + -75 - -12.
-34
What is -9 + (8 - 5) + 29 + -32?
-9
Evaluate (3 - 7) + (3 - (-3 + 5)) + -3.
-6
Calculate -16 + 25 - 3 - 14.
-8
Evaluate 1 + (17 - 2) + 37 + (-41 - -12).
24
What is -22 - (9 - 10) - -26?
5
What is (-19 - -1) + (-13 - (0 - 12))?
-19
What is 3 + -11 + (-15 - -12) - -17?
6
What is the value of (4 - -12) + (41 - 84)?
-27
-8 - (41 - (-27 + 46))
-30
Evaluate 5 + 36 + -49 + (-2 - -6).
-4
What is 11 + (9 - 17 - -10) - -1?
14
Evaluate ((-6 - -1) + 11 - -18) + -19.
5
Evaluate -14 - -1 - (-228 + 210).
5
Evaluate -1 - 4 - (4 + 3).
-12
What is the value of (9 - (2 - 0)) + (24 - 30)?
1
Calculate -5 - (-39 + (2 - -17)) - 41.
-26
What is 2 - (0 + -12 + 3)?
11
What is the value of (11 - (19 - 10)) + 0 + 4?
6
What is 20 - 12 - (-5 + 5)?
8
What is (-106 - -82) + (37 - 9)?
4
-4 - (-5 + 22 + -3)
-18
What is the value of (-20 - -5) + 7 + -2 + (1 - -21)?
12
What is the value of 0 + 2 + -2 + 1 + 2 + -14?
-11
-3 - 2 - (-1 + -4) - 5
-5
What is 1 - (-1 + -6 - (2 + (14 - 16)))?
8
What is 1 + -1 + (18 - 0)?
18
Calculate 16 + (-4 - -6) + -24 + 0.
-6
What is 17 + (-90 + 30 - -16)?
-27
What is the value of -2 - (60 - 63 - ((-11 - -1) + -3))?
-12
What is (7 - -1 - (-27 - -33)) + -2?
0
10 + 17 + -7 - 3
17
1 + (-25 + 2 - -44)
22
What is the value of (-2 - 0 - -33) + -8 + 25 + -20?
28
What is the value of 4 - (4 + -14 + (1 - -6 - 7))?
14
Calculate -2 - 1 - (-2 - (1 - (-9 - -6))).
3
Calculate -2 + 1 - 1 - (175 + -164).
-13
Evaluate 39 + (-7 - -8 - 2).
38
What is -13 + -4 + (21 + -6 - 3)?
-5
Calculate 6 - (-16 - (-36 + 11)).
-3
Evaluate -12 + (18 + -8 - 8).
-10
Evaluate 1 - -2 - (23 + -15 + (2 - 7)).
0
What is the value of 0 - ((11 - 0 - 18) + 2 + -9)?
14
What is the value of 6 + 39 + (-196 - -162)?
11
Calculate 2 + -4 + (-21 - -29) + -1 + -1.
4
What is the value of -7 + 3 + -58 + 67?
5
Evaluate 16 + 6 + (-3 - 0 - 0 - 5).
14
Evaluate (-18 + 14 - 2) + 34 + -11.
17
-2 - (-3 + 8) - (2 - 3 - 2)
-4
What is the value of -14 + (31 + -19 - 9)?
-11
What is -39 - -33 - (-6 - 8)?
8
2 + 1 + 0 - (42 - 59) - -7
27
Evaluate (5 - 5) + 0 - (-1 + -16 - -7).
10
Evaluate 0 + 4 + -2 + -4 + 4 - 8.
-6
What is the value of 1 + -1 + 14 + 0 + (12 - 15)?
11
What is 31 + -24 - 52 - -57?
12
What is the value of (3 - (-34 - -19)) + -30?
-12
Calculate 59 - (51 + -20 + 1).
27
-11 + 18 + (-3 - (4 - -2))
-2
What is the value of 24 - (12 + -7 - (-4 + 1 - -2))?
18
-18 - (-7 - (3 + 4 + -7 + -4))
-15
What is (-11 - (-41 - (-10 + 5))) + -6?
19
What is the value of -5 - -3 - ((10 - 21) + -7)?
16
What is -4 + -41 + 9 + 71?
35
Evaluate 8 + (-2 + -3 - -6) + -24 + 2.
-13
What is -4 + -1 - (-14 - -31 - 6)?
-16
Calculate -9 + -5 + -6 + 7.
-13
Evaluate 858 + -842 + -2 + -23 + 0.
-9
Evaluate 39 + -4 + 2 + -16 + 3 + 7.
31
Evaluate 1 - (15 - 11 - 10 - -12).
-5
Calculate -6 - (-1 + 4 + -5).
-4
(4 - (4 + -2)) + -8 - (18 + -11)
-13
(179 - 166 - (11 - 2)) + (-5 - 0)
-1
What is the value of -23 + (-28 - -46) + 21?
16
Calculate -9 - (1 + 8 + -26 + -6).
14
Calculate -3 + 1 - (3 + (-9 - -3)) - -2.
3
What is -1 - -29 - (-312 + 358)?
-18
What is the value of 0 - (42 + 5 + 12 + -25)?
-34
Calculate 19 + -22 + 25 + -23.
-1
Calculate 10 + -13 + -6 + 11 + (-6 - -22).
18
Calculate (-133 - -95) + (75 - 4).
33
What is the value of 4 + 28 - 15 - 0?
17
What is the value of -4 + (-2 + 0 - -8) - 9?
-7
What is (0 - 4) + 15 + (2 - 8) - -2?
7
Evaluate -1 + -2 + -2 + 39 + 3 + -36.
1
6 + -2 + 19 + 5 + -13
15
0 + 5 - (-3 + -1 - -10)
-1
(-7 - -9) + 1 - ((-7 - -7) + -10)
13
8 + -25 + -28 + 10 + 16
-19
Evaluate (-3 - (13 + -21)) + 9 + -11.
3
-15 - ((0 - (23 - 17)) + 11)
-20
Calculate 1 + 32 + (6 - 19 - (-5 - -3)).
22
What is -9 - (-12 + -10 + -11)?
24
Evaluate -7 + 0 + 1 - (-7 - 2 - 0).
3
23 - (11 - -3 - 3)
12
Evaluate -4 + 0 - -6 - (-11 + 20 + 11).
-18
26 + (-22 - 21) + -7
-24
Evaluate -134 - (128 - 236) - (-1 + -1 + 5).
-29
(-13 + 9 + 23 - 18) + (-13 - -1)
-11
What is the value of -4 + (1 - 0 - -2) - (-53 - -62)?
-10
Evaluate 41 + (2 - (30 - 14)).
27
What is -10 + (7 + -2 - 1 - (5 + 3))?
-14
Calculate (-12 + -5 - (1 + -10)) + (19 - -3).
14
Calculate -5 + 32 + -16 + 5.
16
What is -6 + 7 + -2 + 0 + 0 - -2?
1
Evaluate 20 - ((-5 - (-4 - -1)) + 18).
4
What is the value of (-23 - -6) + 13 + 6?
2
-1 + -1 + 5 - (-7 - (3 + -3))
10
Evaluate 8 + -6 + -13 + -2.
-13
15 + -1 + 4 - 25
-7
Calculate -1 - (17 - 1 - 19).
2
Evaluate 8 + -38 + 25 - (-2 - -25).
-28
What is the value of (-3 - -23) + 22 + -29?
13
What is the value of (-1 - (13 + -2)) + 4?
-8
-17 - (14 + -35) - (2 + -1 + 14)
-11
What is the value of 12 + (-1 - (3 + 1 - 12))?
19
Calculate 27 + -4 + 4 + 3 + -12.
18
What is the value of -8 + -9 - (-10 + 2)?
-9
Evaluate -5 + 0 + (-11 - -11) + 18.
13
Evaluate ((22 - 1) + 0 - 3) + 0.
18
Calculate (-5 - (-19 + 8)) + 6 + -3 + -3.
6
-13 - (-6 + -10 + (16 - (5 + -6)))
-14
What is 1 + (-9 - 0 - (-158 - -158))?
-8
What is the value of 0 + 4 + (-14 - -9) + 2 + -9?
-8
Calculate (-26 - -8) + 39 + -25.
-4
Calculate (1 - 11) + (-13 - (10 - 12 - 16)).
-5
Evaluate 7 + 11 - 2 - 4.
12
Calculate 27 + (9 - 32) + (-10 - -1).
-5
Evaluate -6 + -1 + (22 - (-21 - -26)).
10
Calculate (-24 - -20) + (3 - -6) + 1 + -1.
5
Evaluate 11 + 5 + (-1 - 17).
-2
Evaluate -2 + -9 - (-11 + -33 - -4).
29
Evaluate -14 - (1 - 7) - (5 - (-5 - -48)).
30
17 + -39 + 2 - -38 - (0 + -6)
24
Evaluate 1 + 6 + (2 - (12 + (-1 - 4))).
2
Calculate 13 - (3 + (2 - (6 + -1)) + 2).
11
Calculate 5 + -1 + (57 - 24 - 42).
-5
Evaluate (-5 - (-7 + 3) - -22) + 3.
24
Evaluate -49 - (4 - (42 - 13)).
-24
What is the value of 8 + 0 + (-35 - 41) + 45?
-23
What is the value of (5 - (2 - -2)) + 20 - 12?
9
10 + 3 + (5 - 10) - 29
-21
24 - (-32 + 72) - (-9 - 0)
-7
Evaluate -9 + -1 + (-7 - 1 - -3 - -11).
-4
Evaluate 5 - (5 - -4) - -13 - (15 - 3).
-3
What is -4 - (2 + 5 + -10) - 7?
-8
Evaluate -9 + (18 - (8 + -1)) + -6 + -1.
-5
Evaluate 625 + -614 + (1 - 3).
9
Calculate (3 + 7 - 9 - (4 + -1)) + 9.
7
What is -1 + -2 + 4 + -26 + (-24 - -24)?
-25
What is -5 + 18 + (3 - (-7 - -9 - -4))?
10
(-14 - 1) + (-91 - -104)
-2
-9 - (-22 - -2) - -7
18
What is (-5 - -18 - -6) + -21?
-2
What is (-2 - (-3 + 3)) + -6 + 0?
-8
What is -25 - (3 - (-29 + 32))?
-25
What is the value of -9 + -9 + 59 + -3 - 14?
24
What is the value of (2 - 7) + (-15 - (2 + -9 + -4))?
-9
Evaluate (8 + -2 - -5) + (-50 - -25).
-14
Calculate -2 + (-3 - 6) + 4 - -6.
-1
Calculate (-5 - (-2 + 2)) + -3 - (-188 + 195).
-15
What is the value of -49 - -59 - (2 + 0 - 0)?
8
What is the value of 526 + -573 - (3 - 10)?
-40
Evaluate -3 + -7 - (41 - 41).
-10
Calculate 22 + 1 + -15 + -13.
-5
Evaluate (-1 - (-2 - 1)) + 20 + -6.
16
0 + -1 - -4 - (-14 + 13 + 13)
-9
(3 + -9 - -8) + (2 - 6)
-2
What is 9 - -2 - (-11 + 16 - (4 + 3))?
13
What is 5 + 17 + -23 + -6?
-7
What is 28 + (32 - 63) + (3 - 0)?
0
Evaluate -3 - -2 - (-3 - -6) - (-352 + 329).
19
-539 - -570 - (1 - -49)
-19
What is -2 + (-1 + 7 - (-4 + -8))?
16
Evaluate 6 - (7 - 5) - -1.
5
Evaluate 6 - (6 - (23 - 22)) - (0 + 6).
-5
What is -3 + -2 - (-353 + 312)?
36
Calculate 0 - 0 - 0 - (-309 - -304).
5
What is ((-11 - -15) + 9 - 52) + 9?
-30
What is 11 + -31 - (-18 - -1)?
-3
What is 32 - 17 - (7 - -19) - -5?
-6
What is 10 + -5 - (11 + -5 - 9)?
8
What is the value of (4 - -1) + (-8 - -18) + -14?
1
What is 1 + 0 - (-139 + 121) - 16?
3
-26 - (-22 + -18 + 24)
-10
Calculate (-2 - 2) + (-11 + 10 - 2) - 1.
-8
Evaluate (-1 - 0 - -7) + -31 + -3 + 45.
17
(7 - (0 - -3)) + 10 + -9
5
Calculate 0 + 1 + -4 + -22 + 31 + -7.
-1
Evaluate (2 - -2 - (3 + -2) - -3) + -14.
-8
Calculate 5 + (0 - 1) + -1 - (9 - 22).
16
2 + (4 + -6 - -3)
3
Evaluate 5 + -9 + 5 - 5.
-4
Evaluate 7 + -14 + (4 - -28).
25
Evaluate 52 + -46 - (0 - (2 + 7)).
15
Calculate (3 - 9) + -15 - -13.
-8
What is 42 + -33 - (2 - 12)?
19
What is -10 + 3 + 5 + (-7 - -10)?
1
What is 10 + (28 - (-28 + 56))?
10
Evaluate -7 - (3 + (-9 - (1 - 4))) - -7.
3
What is (-24 - -1) + 307 + -318 + 3?
-31
Calculate -5 + (-4 -